{"id":198281,"date":"2023-07-23T13:16:24","date_gmt":"2023-07-23T11:16:24","guid":{"rendered":"https:\/\/www.radio-rum.de\/web\/?page_id=198281"},"modified":"2023-08-30T06:48:32","modified_gmt":"2023-08-30T04:48:32","slug":"wochenendworkshop-einfuehrung-ins-radiomachen","status":"publish","type":"page","link":"https:\/\/www.radio-rum.de\/web\/wochenendworkshop-einfuehrung-ins-radiomachen\/","title":{"rendered":"Wochenendworkshop: Einf\u00fchrung ins Radiomachen"},"content":{"rendered":"<p><img loading=\"lazy\" decoding=\"async\" class=\"aligncenter size-full wp-image-198311\" src=\"https:\/\/www.radio-rum.de\/web\/wp-content\/uploads\/2023\/07\/DSCF0345-604x270-2.jpg\" alt=\"\" width=\"604\" height=\"270\" srcset=\"https:\/\/www.radio-rum.de\/web\/wp-content\/uploads\/2023\/07\/DSCF0345-604x270-2.jpg 604w, https:\/\/www.radio-rum.de\/web\/wp-content\/uploads\/2023\/07\/DSCF0345-604x270-2-300x134.jpg 300w\" sizes=\"auto, (max-width: 604px) 100vw, 604px\" \/><\/p>\n<p>Hallo und herzlich willkommen auf unserer Einf\u00fchrungsworkshop-Seite!<\/p>\n<p>Hast du hierher gefunden, weil du dich f\u00fcr unseren Einf\u00fchrungsworkshop interessierst? Dann raten wir dir: Scroll weiter und erfahre, was du lernen wirst, wann der n\u00e4chste Einf\u00fchrungsworkshop stattfindet und wie du dich anmeldest. Wenn du Lust hast, Radio zu machen, ist das hier genau das richtige f\u00fcr dich!<\/p>\n<h4><strong>Das Workshop-Programm:<\/strong><\/h4>\n<table style=\"width: 604px;\" border=\"0\" cellspacing=\"5\">\n<tbody>\n<tr>\n<td style=\"width: 122.833px; text-align: left;\"><strong>Freitag<br \/>\n<\/strong><strong>16\u00a0 &#8211; 20 Uhr<\/strong><\/td>\n<td style=\"width: 455.167px;\"><strong>Wo bin ich hier eigentlich?<\/strong><\/p>\n<ul>\n<li>F\u00fchrung durch das Funkhaus von Radio Unerh\u00f6rt Marburg<\/li>\n<li>Radiogeschichte und Medienpolitik &#8211; was sind freie Radios?<\/li>\n<li>Einblick in die rechtlichen Grundlagen des Sendens<\/li>\n<li>&#8220;H\u00f6rbar&#8221;: Radio h\u00f6ren und reflektieren &#8211; wie klingen freie Radios?<\/li>\n<\/ul>\n<\/td>\n<\/tr>\n<tr>\n<td style=\"width: 122.833px;\"><strong>Samstag<br \/>\n10-18 Uhr<br \/>\nPause: 13-14 Uhr<\/strong><\/td>\n<td style=\"width: 455.167px;\"><strong>Und wie geht das jetzt mit dem Radio machen?<\/strong><\/p>\n<ul>\n<li>Manuskripte schreiben f\u00fcrs Radio<\/li>\n<li>Sprechen am Mikrofon<\/li>\n<li>Studiotechnik und Schnittsoftware mit Audacity<\/li>\n<li>Vorbereitung einer Sendung inklusive journalistische Recherche<\/li>\n<\/ul>\n<\/td>\n<\/tr>\n<tr>\n<td style=\"width: 122.833px;\"><strong>Sonntag<br \/>\n10-17 Uhr<\/strong><\/td>\n<td style=\"width: 455.167px;\"><strong>Jetzt seid ihr dran!<\/strong><\/p>\n<ul>\n<li>Einf\u00fchrung in die Sendepraxis<\/li>\n<li>Redaktionssitzung<\/li>\n<li>Sendebeitr\u00e4ge produzieren<\/li>\n<li>auf Sendung gehen: <a href=\"http:\/\/www.radio-rum.de\/blog\/2015\/10\/01\/rumprobieren\/\" target=\"_blank\" rel=\"noopener noreferrer\">RUMprobieren<\/a> live 14.00-15.00 Uhr<\/li>\n<li>die Sendung gemeinsam h\u00f6ren und reflektieren<\/li>\n<\/ul>\n<\/td>\n<\/tr>\n<\/tbody>\n<\/table>\n<h4><\/h4>\n<h4><strong>Der Beitrag f\u00fcr Teilnehmende:<\/strong><\/h4>\n<p>Die Kosten f\u00fcr den Einf\u00fchrungsworkshop betragen <strong>60 Euro<\/strong>.<br \/>\nVereins-Mitglieder von Radio Unerh\u00f6rt Marburg zahlen<strong> 15 Euro<\/strong>.<br \/>\nKinder und Jugendliche unter 18 Jahren zahlen <strong>15 Euro<\/strong>, als Vereins-Mitglied nur <strong>5 Euro<\/strong>.<\/p>\n<p>Die Anzahl der Teilnehmenden ist auf maximal 12 Leute begrenzt. Eine Mindestteilnahmezahl gibt es nicht.<\/p>\n<p>Unsere Einf\u00fchrungsworkshops finden in der Regel viertelj\u00e4hrlich statt.<\/p>\n<h4><\/h4>\n<h4><strong>Anmeldung:<\/strong><\/h4>\n<p>Bitte bis <strong>sp\u00e4testens Montag vor dem Seminar zu B\u00fcrozeiten<\/strong> anmelden.<\/p>\n\n<div class=\"wpcf7 no-js\" id=\"wpcf7-f1883-o1\" lang=\"de-DE\" dir=\"ltr\" data-wpcf7-id=\"1883\">\n<div class=\"screen-reader-response\"><p role=\"status\" aria-live=\"polite\" aria-atomic=\"true\"><\/p> <ul><\/ul><\/div>\n<form action=\"\/web\/wp-json\/wp\/v2\/pages\/198281#wpcf7-f1883-o1\" method=\"post\" class=\"wpcf7-form init\" aria-label=\"Kontaktformular\" novalidate=\"novalidate\" data-status=\"init\">\n<fieldset class=\"hidden-fields-container\"><input type=\"hidden\" name=\"_wpcf7\" value=\"1883\" \/><input type=\"hidden\" name=\"_wpcf7_version\" value=\"6.1.5\" \/><input type=\"hidden\" name=\"_wpcf7_locale\" value=\"de_DE\" \/><input type=\"hidden\" name=\"_wpcf7_unit_tag\" value=\"wpcf7-f1883-o1\" \/><input type=\"hidden\" name=\"_wpcf7_container_post\" value=\"0\" \/><input type=\"hidden\" name=\"_wpcf7_posted_data_hash\" value=\"\" \/>\n<\/fieldset>\n<p>Hiermit melde ich mich zum Einf\u00fchungsworkshop am <span class=\"wpcf7-form-control-wrap\" data-name=\"ws-termin\"><select class=\"wpcf7-form-control wpcf7-select wpcf7-validates-as-required\" aria-required=\"true\" aria-invalid=\"false\" name=\"ws-termin\"><option value=\"\">&#8211; Bitte ausw\u00e4hlen &#8211;<\/option><option value=\"02. - 04.05.2025\">02. - 04.05.2025<\/option><\/select><\/span> an.\n<\/p>\n<p><span class=\"wpcf7-form-control-wrap\" data-name=\"acceptance\"><span class=\"wpcf7-form-control wpcf7-acceptance\"><span class=\"wpcf7-list-item\"><input type=\"checkbox\" name=\"acceptance\" value=\"1\" aria-invalid=\"false\" \/><\/span><\/span><\/span> Die entsprechenden <a href=\"https:\/\/www.radio-rum.de\/web\/hinweise-anmeldung-workshop\/\">Hinweise<\/a> zur Anmeldung habe ich gelesen.\n<\/p>\n<p><span class=\"wpcf7-form-control-wrap\" data-name=\"acceptance-dsgvo\"><span class=\"wpcf7-form-control wpcf7-acceptance\"><span class=\"wpcf7-list-item\"><input type=\"checkbox\" name=\"acceptance-dsgvo\" value=\"1\" aria-invalid=\"false\" \/><\/span><\/span><\/span> Ich habe die <a href=\"https:\/\/www.radio-rum.de\/web\/datenschutzerklaerung\/\">Datenschutzrichtlinien<\/a> gelesen und bin damit einverstanden.\n<\/p>\n<p>Name (Pflichtfeld):<br \/>\n<span class=\"wpcf7-form-control-wrap\" data-name=\"your-name\"><input size=\"40\" maxlength=\"400\" class=\"wpcf7-form-control wpcf7-text wpcf7-validates-as-required\" aria-required=\"true\" aria-invalid=\"false\" value=\"\" type=\"text\" name=\"your-name\" \/><\/span>\n<\/p>\n<p>Geburtsdatum (Pflichtfeld):<br \/>\n<span class=\"wpcf7-form-control-wrap\" data-name=\"date-315\"><input class=\"wpcf7-form-control wpcf7-date wpcf7-validates-as-date\" aria-invalid=\"false\" value=\"\" type=\"date\" name=\"date-315\" \/><\/span>\n<\/p>\n<p>E-Mail-Adresse (Pflichtfeld):<br \/>\n<span class=\"wpcf7-form-control-wrap\" data-name=\"your-email\"><input size=\"40\" maxlength=\"400\" class=\"wpcf7-form-control wpcf7-email wpcf7-validates-as-required wpcf7-text wpcf7-validates-as-email\" aria-required=\"true\" aria-invalid=\"false\" value=\"\" type=\"email\" name=\"your-email\" \/><\/span>\n<\/p>\n<p>Telefonnummer (Pflichtfeld):<br \/>\n<span class=\"wpcf7-form-control-wrap\" data-name=\"tel-234\"><input size=\"40\" maxlength=\"400\" class=\"wpcf7-form-control wpcf7-tel wpcf7-validates-as-required wpcf7-text wpcf7-validates-as-tel\" aria-required=\"true\" aria-invalid=\"false\" value=\"\" type=\"tel\" name=\"tel-234\" \/><\/span>\n<\/p>\n<p><span class=\"wpcf7-form-control-wrap kc_captcha\" data-name=\"kc_captcha\"><span class=\"wpcf7-form-control wpcf7-radio\"><span class=\"captcha-image\" ><span class=\"cf7ic_instructions\">Bitte beweise, dass du kein Spambot bist und w\u00e4hle das Symbol<span> Baum<\/span>.<\/span><label><input aria-label=\"1\" type=\"radio\" name=\"kc_captcha\" value=\"bot\" \/><svg aria-hidden=\"true\" role=\"img\" xmlns=\"http:\/\/www.w3.org\/2000\/svg\" viewBox=\"0 0 640 512\"><path fill=\"currentColor\" d=\"M192 384h192c53 0 96-43 96-96h32a128 128 0 000-256H120c-13 0-24 11-24 24v232c0 53 43 96 96 96zM512 96a64 64 0 010 128h-32V96h32zm48 384H48c-47 0-61-64-36-64h584c25 0 11 64-36 64z\"\/><\/svg><\/label><label><input aria-label=\"2\" type=\"radio\" name=\"kc_captcha\" value=\"kc_human\" \/><svg aria-hidden=\"true\" role=\"img\" xmlns=\"http:\/\/www.w3.org\/2000\/svg\" viewBox=\"0 0 384 512\"><path fill=\"currentColor\" d=\"M377 375l-83-87h34c21 0 32-25 17-40l-82-88h33c21 0 32-25 18-40L210 8c-10-11-26-11-36 0L70 120c-14 15-3 40 18 40h33l-82 88c-15 15-4 40 17 40h34L7 375c-15 16-4 41 17 41h120c0 33-11 49-34 68-12 9-5 28 10 28h144c15 0 22-19 10-28-20-16-34-32-34-68h120c21 0 32-25 17-41z\"\/><\/svg><\/label><label><input aria-label=\"3\" type=\"radio\" name=\"kc_captcha\" value=\"bot\" \/><svg aria-hidden=\"true\" role=\"img\" xmlns=\"http:\/\/www.w3.org\/2000\/svg\" viewBox=\"0 0 576 512\"><path fill=\"currentColor\" d=\"M472 200H360L256 6a12 12 0 00-10-6h-58c-8 0-14 7-12 15l34 185H100l-35-58a12 12 0 00-10-6H12c-8 0-13 7-12 14l21 106L0 362c-1 7 4 14 12 14h43c4 0 8-2 10-6l35-58h110l-34 185c-2 8 4 15 12 15h58a12 12 0 0010-6l104-194h112c57 0 104-25 104-56s-47-56-104-56z\"\/><\/svg><\/label>\r\n    <\/span>\r\n    <span style=\"display:none\">\r\n        <input type=\"text\" name=\"kc_honeypot\">\r\n    <\/span><\/span><\/span><br \/>\n<input class=\"wpcf7-form-control wpcf7-submit has-spinner\" type=\"submit\" value=\"Senden\" \/>\n<\/p><p style=\"display: none !important;\" class=\"akismet-fields-container\" data-prefix=\"_wpcf7_ak_\"><label>&#916;<textarea name=\"_wpcf7_ak_hp_textarea\" cols=\"45\" rows=\"8\" maxlength=\"100\"><\/textarea><\/label><input type=\"hidden\" id=\"ak_js_1\" name=\"_wpcf7_ak_js\" value=\"102\"\/><script>document.getElementById( \"ak_js_1\" ).setAttribute( \"value\", ( new Date() ).getTime() );<\/script><\/p><div class=\"wpcf7-response-output\" aria-hidden=\"true\"><\/div>\n<\/form>\n<\/div>\n\n<h4><\/h4>\n<h4><strong>\u00dcbrigens&#8230;<\/strong><\/h4>\n<p>Der Einf\u00fchrungsworkshop gilt bei uns als erster Schritt zur eigenen Sendung. Alle Sendungsmachenden sollten die Basics aus dem Einf\u00fchrungsworkshop beherrschen und <a href=\"https:\/\/www.radio-rum.de\/web\/mitglied-werden\/\">Mitglied<\/a> sein. Aktive Mitglieder einer Redaktion k\u00f6nnen dar\u00fcber hinaus einen RUM-Presseausweis bekommen.<\/p>\n<p><b>Bei Fragen k\u00f6nnt ihr euch gerne jederzeit bei uns unter <a class=\"moz-txt-link-abbreviated\" href=\"mailto:ausbildung@radio-rum.de\">ausbildung@radio-rum.de<\/a> melden!<\/b><\/p>\n<p>Wir freuen uns, bis dann!<\/p>\n","protected":false},"excerpt":{"rendered":"<p>Hallo und herzlich willkommen auf unserer Einf\u00fchrungsworkshop-Seite! Hast du hierher gefunden, weil du dich f\u00fcr unseren Einf\u00fchrungsworkshop interessierst? Dann raten wir dir: Scroll weiter und erfahre, was du lernen wirst, wann der n\u00e4chste Einf\u00fchrungsworkshop stattfindet und wie du dich anmeldest. Wenn du Lust hast, Radio zu machen, ist das hier genau das richtige f\u00fcr dich! &hellip; <\/p>\n<p><a class=\"more-link btn\" href=\"https:\/\/www.radio-rum.de\/web\/wochenendworkshop-einfuehrung-ins-radiomachen\/\">Weiterlesen<\/a><\/p>\n","protected":false},"author":1,"featured_media":0,"parent":0,"menu_order":0,"comment_status":"closed","ping_status":"closed","template":"","meta":{"footnotes":""},"class_list":["post-198281","page","type-page","status-publish","hentry","nodate","item-wrap"],"publishpress_future_action":{"enabled":false,"date":"2026-05-05 16:04:11","action":"change-status","newStatus":"draft","terms":[],"taxonomy":"","extraData":[]},"publishpress_future_workflow_manual_trigger":{"enabledWorkflows":[]},"_links":{"self":[{"href":"https:\/\/www.radio-rum.de\/web\/wp-json\/wp\/v2\/pages\/198281","targetHints":{"allow":["GET"]}}],"collection":[{"href":"https:\/\/www.radio-rum.de\/web\/wp-json\/wp\/v2\/pages"}],"about":[{"href":"https:\/\/www.radio-rum.de\/web\/wp-json\/wp\/v2\/types\/page"}],"author":[{"embeddable":true,"href":"https:\/\/www.radio-rum.de\/web\/wp-json\/wp\/v2\/users\/1"}],"replies":[{"embeddable":true,"href":"https:\/\/www.radio-rum.de\/web\/wp-json\/wp\/v2\/comments?post=198281"}],"version-history":[{"count":3,"href":"https:\/\/www.radio-rum.de\/web\/wp-json\/wp\/v2\/pages\/198281\/revisions"}],"predecessor-version":[{"id":204261,"href":"https:\/\/www.radio-rum.de\/web\/wp-json\/wp\/v2\/pages\/198281\/revisions\/204261"}],"wp:attachment":[{"href":"https:\/\/www.radio-rum.de\/web\/wp-json\/wp\/v2\/media?parent=198281"}],"curies":[{"name":"wp","href":"https:\/\/api.w.org\/{rel}","templated":true}]}}