{"id":198391,"date":"2023-07-23T13:20:11","date_gmt":"2023-07-23T11:20:11","guid":{"rendered":"https:\/\/www.radio-rum.de\/web\/?page_id=198391"},"modified":"2023-07-23T13:20:11","modified_gmt":"2023-07-23T11:20:11","slug":"redaktionelles-praktikum","status":"publish","type":"page","link":"https:\/\/www.radio-rum.de\/web\/redaktionelles-praktikum\/","title":{"rendered":"Redaktionelles Praktikum"},"content":{"rendered":"<p><strong><img loading=\"lazy\" decoding=\"async\" class=\"aligncenter size-full wp-image-198401\" src=\"https:\/\/www.radio-rum.de\/web\/wp-content\/uploads\/2023\/07\/Praktikum-2.jpg\" alt=\"\" width=\"1822\" height=\"581\" \/>Gerne bieten wir redaktionelle Praktika f\u00fcr Studierende und Sch\u00fcler:innen ab der 11. Klassenstufe an.<\/strong><\/p>\n<p>Radio Unerh\u00f6rt Marburg bietet viele verschiedene M\u00f6glichkeiten, Einblicke in unterschiedliche Bereiche des Radiobetriebs zu machen.<\/p>\n<p>Da wir jedoch personell und auch zeitlich meistens kaum Kapazit\u00e4ten \u00fcbrig haben, kann ein Praktikum nur dann stattfinden, wenn es zum gr\u00f6\u00dften Teil selbstorganisiert ist.<br \/>\nWir erbitten alle Praktikant:innen schon Projektideen oder genauen Vorstellungen zu deren Praktikumsverlauf zu haben.<\/p>\n<p>Gerne kann das Praktikum auch im Rahmen einer Sendungsproduktion erbracht werden. Hierzu ist allerdings die Teilnahme an einem unserer Einf\u00fchrungsworkshops notwendig.<\/p>\n<p>Individuelle Absprachen k\u00f6nnen gegebenenfalls mit der Koordination der Aus- und Fortbildung gemacht werden.<\/p>\n<p>Wir w\u00fcrden uns nat\u00fcrlich freuen, wenn ihr uns auch nach dem Praktikum im Radio-Team erhalten bleibt!<\/p>\n<p>Bei Interesse gerne eine kurze Bewerbung oder Info E-Mail an <a href=\"mailto:praktikum@radio-rum.de\">praktikum@radio-rum.de<\/a> schicken.<\/p>\n<p><strong>Ansonsten gilt nat\u00fcrlich: jedes ehrenamtliche Mitwirken bei RUM kann von uns bescheinigt werden. In vielen F\u00e4llen kann das als Praktikum anerkannt werden! Also einfach mitmachen bei RUM! <\/strong><\/p>\n","protected":false},"excerpt":{"rendered":"<p>Gerne bieten wir redaktionelle Praktika f\u00fcr Studierende und Sch\u00fcler:innen ab der 11. Klassenstufe an. Radio Unerh\u00f6rt Marburg bietet viele verschiedene M\u00f6glichkeiten, Einblicke in unterschiedliche Bereiche des Radiobetriebs zu machen. Da wir jedoch personell und auch zeitlich meistens kaum Kapazit\u00e4ten \u00fcbrig haben, kann ein Praktikum nur dann stattfinden, wenn es zum gr\u00f6\u00dften Teil selbstorganisiert ist. Wir &hellip; <\/p>\n<p><a class=\"more-link btn\" href=\"https:\/\/www.radio-rum.de\/web\/redaktionelles-praktikum\/\">Weiterlesen<\/a><\/p>\n","protected":false},"author":1,"featured_media":0,"parent":0,"menu_order":0,"comment_status":"closed","ping_status":"closed","template":"","meta":{"footnotes":""},"class_list":["post-198391","page","type-page","status-publish","hentry","nodate","item-wrap"],"publishpress_future_action":{"enabled":false,"date":"2026-05-06 15:20:15","action":"change-status","newStatus":"draft","terms":[],"taxonomy":"","extraData":[]},"publishpress_future_workflow_manual_trigger":{"enabledWorkflows":[]},"_links":{"self":[{"href":"https:\/\/www.radio-rum.de\/web\/wp-json\/wp\/v2\/pages\/198391","targetHints":{"allow":["GET"]}}],"collection":[{"href":"https:\/\/www.radio-rum.de\/web\/wp-json\/wp\/v2\/pages"}],"about":[{"href":"https:\/\/www.radio-rum.de\/web\/wp-json\/wp\/v2\/types\/page"}],"author":[{"embeddable":true,"href":"https:\/\/www.radio-rum.de\/web\/wp-json\/wp\/v2\/users\/1"}],"replies":[{"embeddable":true,"href":"https:\/\/www.radio-rum.de\/web\/wp-json\/wp\/v2\/comments?post=198391"}],"version-history":[{"count":2,"href":"https:\/\/www.radio-rum.de\/web\/wp-json\/wp\/v2\/pages\/198391\/revisions"}],"predecessor-version":[{"id":198421,"href":"https:\/\/www.radio-rum.de\/web\/wp-json\/wp\/v2\/pages\/198391\/revisions\/198421"}],"wp:attachment":[{"href":"https:\/\/www.radio-rum.de\/web\/wp-json\/wp\/v2\/media?parent=198391"}],"curies":[{"name":"wp","href":"https:\/\/api.w.org\/{rel}","templated":true}]}}