{"id":198491,"date":"2023-07-23T13:23:31","date_gmt":"2023-07-23T11:23:31","guid":{"rendered":"https:\/\/www.radio-rum.de\/web\/?page_id=198491"},"modified":"2023-07-23T13:23:57","modified_gmt":"2023-07-23T11:23:57","slug":"info-cafe","status":"publish","type":"page","link":"https:\/\/www.radio-rum.de\/web\/info-cafe\/","title":{"rendered":"Info-Cafe"},"content":{"rendered":"<div class=\"entry-content\">\n<p><strong><img loading=\"lazy\" decoding=\"async\" class=\"aligncenter size-full wp-image-198501\" src=\"https:\/\/www.radio-rum.de\/web\/wp-content\/uploads\/2023\/07\/coffee-2306471_1920.jpg\" alt=\"\" width=\"1920\" height=\"1280\" \/>Erstmal ist Jan nicht telefonisch erreichbar, da vermehrt Home Office gemacht wird. Schreib einfach eine Mail an <a href=\"mailto:jan@radio-rum.de\">jan@radio-rum.de<\/a>, dann meldet er sich zur\u00fcck.<\/strong><\/p>\n<p>Auch in der kommenden Zeit wollen wir unsere T\u00fcren gerne wieder f\u00fcr Radiointeressierte \u00f6ffnen und bieten euch ein neues Format des Info-Caf\u00e9s.<\/p>\n<p>Ihr habt Fragen zum Radio Unerh\u00f6rt Marburg, wollt euch in irgendeiner Form gerne bei uns engagieren und einbringen oder einfach mal erfahren, was genau wir hier eigentlich machen?<\/p>\n<p>Dann meldet euch bei uns!<\/p>\n<p>Jan, unser Koordinator der Fort- und Ausbildungsstelle, freut sich auf eure Anfragen und Gespr\u00e4che.<br \/>\nJeden Dienstag von 16-18 Uhr steht er euch zum Infogespr\u00e4ch und Austausch per Telefonat oder Videogespr\u00e4ch zur Verf\u00fcgung. Einfach per Email anschreiben!<br \/>\nAnsonsten kann nat\u00fcrlich auch so wie es euch passt ein individueller Termin ausgemacht werden.<\/p>\n<p>Wir freuen uns auf euch!<\/p>\n<p>Bei Interesse am Info-Caf\u00e9 einfach hier melden: <a href=\"mailto:jan@radio-rum.de\">jan@radio-rum.de<\/a><\/p>\n<p>##########<\/p>\n<p>Was ist eigentlich ein \u201eFreies Radio\u201c, wie ist es organisiert und ab wann kann ich mitmachen?<\/p>\n<\/div>\n<p>Bei unserem Info-Caf\u00e9 beantworten wir alle Fragen zu unserem Verein, anstehenden Workshops und weiteren Projekten. Ob du nun deine eigene Sendung produzieren m\u00f6chtest, dich \u00fcber unsere Geschichte informieren willst oder einfach gerne mit uns rumh\u00e4ngst \u2013 komm vorbei! Gerne geben wir eine kleine F\u00fchrung und erz\u00e4hlen euch, wer, was, wo, wann und wie.<\/p>\n<p>Unser Info-Caf\u00e9 findet jeden Dienstag von 16 bis 18 Uhr statt.<\/p>\n","protected":false},"excerpt":{"rendered":"<p>Erstmal ist Jan nicht telefonisch erreichbar, da vermehrt Home Office gemacht wird. Schreib einfach eine Mail an jan@radio-rum.de, dann meldet er sich zur\u00fcck. Auch in der kommenden Zeit wollen wir unsere T\u00fcren gerne wieder f\u00fcr Radiointeressierte \u00f6ffnen und bieten euch ein neues Format des Info-Caf\u00e9s. Ihr habt Fragen zum Radio Unerh\u00f6rt Marburg, wollt euch in &hellip; <\/p>\n<p><a class=\"more-link btn\" href=\"https:\/\/www.radio-rum.de\/web\/info-cafe\/\">Weiterlesen<\/a><\/p>\n","protected":false},"author":1,"featured_media":0,"parent":0,"menu_order":0,"comment_status":"closed","ping_status":"closed","template":"","meta":{"footnotes":""},"class_list":["post-198491","page","type-page","status-publish","hentry","nodate","item-wrap"],"publishpress_future_action":{"enabled":false,"date":"2026-05-05 09:46:00","action":"change-status","newStatus":"draft","terms":[],"taxonomy":"","extraData":[]},"publishpress_future_workflow_manual_trigger":{"enabledWorkflows":[]},"_links":{"self":[{"href":"https:\/\/www.radio-rum.de\/web\/wp-json\/wp\/v2\/pages\/198491","targetHints":{"allow":["GET"]}}],"collection":[{"href":"https:\/\/www.radio-rum.de\/web\/wp-json\/wp\/v2\/pages"}],"about":[{"href":"https:\/\/www.radio-rum.de\/web\/wp-json\/wp\/v2\/types\/page"}],"author":[{"embeddable":true,"href":"https:\/\/www.radio-rum.de\/web\/wp-json\/wp\/v2\/users\/1"}],"replies":[{"embeddable":true,"href":"https:\/\/www.radio-rum.de\/web\/wp-json\/wp\/v2\/comments?post=198491"}],"version-history":[{"count":2,"href":"https:\/\/www.radio-rum.de\/web\/wp-json\/wp\/v2\/pages\/198491\/revisions"}],"predecessor-version":[{"id":198541,"href":"https:\/\/www.radio-rum.de\/web\/wp-json\/wp\/v2\/pages\/198491\/revisions\/198541"}],"wp:attachment":[{"href":"https:\/\/www.radio-rum.de\/web\/wp-json\/wp\/v2\/media?parent=198491"}],"curies":[{"name":"wp","href":"https:\/\/api.w.org\/{rel}","templated":true}]}}

<div class="entry-content">
<p><strong><img loading="lazy" decoding="async" class="aligncenter size-full wp-image-198501" src="https://www.radio-rum.de/web/wp-content/uploads/2023/07/coffee-2306471_1920.jpg" alt="" width="1920" height="1280" />Erstmal ist Jan nicht telefonisch erreichbar, da vermehrt Home Office gemacht wird. Schreib einfach eine Mail an <a href="mailto:jan@radio-rum.de">jan@radio-rum.de</a>, dann meldet er sich zurück.</strong></p>
<p>Auch in der kommenden Zeit wollen wir unsere Türen gerne wieder für Radiointeressierte öffnen und bieten euch ein neues Format des Info-Cafés.</p>
<p>Ihr habt Fragen zum Radio Unerhört Marburg, wollt euch in irgendeiner Form gerne bei uns engagieren und einbringen oder einfach mal erfahren, was genau wir hier eigentlich machen?</p>
<p>Dann meldet euch bei uns!</p>
<p>Jan, unser Koordinator der Fort- und Ausbildungsstelle, freut sich auf eure Anfragen und Gespräche.<br />
Jeden Dienstag von 16-18 Uhr steht er euch zum Infogespräch und Austausch per Telefonat oder Videogespräch zur Verfügung. Einfach per Email anschreiben!<br />
Ansonsten kann natürlich auch so wie es euch passt ein individueller Termin ausgemacht werden.</p>
<p>Wir freuen uns auf euch!</p>
<p>Bei Interesse am Info-Café einfach hier melden: <a href="mailto:jan@radio-rum.de">jan@radio-rum.de</a></p>
<p>##########</p>
<p>Was ist eigentlich ein „Freies Radio“, wie ist es organisiert und ab wann kann ich mitmachen?</p>
</div>
<p>Bei unserem Info-Café beantworten wir alle Fragen zu unserem Verein, anstehenden Workshops und weiteren Projekten. Ob du nun deine eigene Sendung produzieren möchtest, dich über unsere Geschichte informieren willst oder einfach gerne mit uns rumhängst – komm vorbei! Gerne geben wir eine kleine Führung und erzählen euch, wer, was, wo, wann und wie.</p>
<p>Unser Info-Café findet jeden Dienstag von 16 bis 18 Uhr statt.</p>

<p>Erstmal ist Jan nicht telefonisch erreichbar, da vermehrt Home Office gemacht wird. Schreib einfach eine Mail an jan@radio-rum.de, dann meldet er sich zurück. Auch in der kommenden Zeit wollen wir unsere Türen gerne wieder für Radiointeressierte öffnen und bieten euch ein neues Format des Info-Cafés. Ihr habt Fragen zum Radio Unerhört Marburg, wollt euch in &hellip; </p>
<p><a class="more-link btn" href="https://www.radio-rum.de/web/info-cafe/">Weiterlesen</a></p>
