{"id":205341,"date":"2023-09-12T07:46:31","date_gmt":"2023-09-12T05:46:31","guid":{"rendered":"https:\/\/www.radio-rum.de\/web\/?page_id=205341"},"modified":"2023-12-01T10:27:44","modified_gmt":"2023-12-01T09:27:44","slug":"app","status":"publish","type":"page","link":"https:\/\/www.radio-rum.de\/web\/app\/","title":{"rendered":"Radio Unerh\u00f6rt Marburg &#8211; WebApp"},"content":{"rendered":"<table border=\"0\" width=\"600\">\n<tbody>\n<tr>\n<td valign=\"middle\" width=\"600\"><a href=\"https:\/\/www.radio-rum.de\/web\/app\/\"><img loading=\"lazy\" decoding=\"async\" class=\"alignleft size-full wp-image-182371\" src=\"https:\/\/www.radio-rum.de\/web\/wp-content\/uploads\/2023\/07\/rum-1.png\" alt=\"\" width=\"200\" height=\"100\" \/><\/a><\/p>\n<h2>Radio Unerh\u00f6rt Marburg<\/h2>\n<\/td>\n<\/tr>\n<tr>\n<td width=\"600\">\n<p style=\"text-align: center;\">\n            <div class=\"podlove-web-player intrinsic-ignore podlove-web-player-loading\" id=\"player-6a08655de09dc\"><root data-test=\"player--xl\" style=\"max-width:950px;min-width:260px;\">\n  <div class=\"tablet:px-6 tablet:pt-6 mobile:px-4 mobile:pt-4 flex flex-col\">\n    <div class=\"flex-col items-center mobile:flex tablet:hidden\">\n      <show-title class=\"text-sm\"><\/show-title>\n      <episode-title class=\"text-base mb-2\"><\/episode-title>\n    <\/div>\n    <div class=\"tablet:flex flex-grow\">\n      <div class=\"w-full\">\n        <div class=\"hidden tablet:block\">\n          <show-title class=\"text-base\"><\/show-title>\n          <episode-title class=\"text-xl desktop:text-2xl\"><\/episode-title>\n          <divider class=\"w-full my-4\"><\/divider>\n        <\/div>\n        <div class=\"flex items-center justify-between\">\n          <div class=\"block\">\n          <\/div>\n\n          <div class=\"flex\">\n            <play-state on=\"active\">\n              <chapter-previous class=\"mx-2 block\"><\/chapter-previous>\n            <\/play-state>\n            <play-state on=\"active\">\n              <step-backward class=\"mx-2 block\"><\/step-backward>\n            <\/play-state>\n\n            <play-button class=\"mx-2 block\" label=\"Livestream abspielen\"><\/play-button>\n\n            <play-state on=\"active\">\n              <step-forward class=\"mx-2 block\"><\/step-forward>\n            <\/play-state>\n            <play-state on=\"active\">\n              <chapter-next class=\"mx-2 block\"><\/chapter-next>\n            <\/play-state>\n          <\/div>\n\n          <div class=\"block\">\n            <play-state on=\"active\">\n              <volume-control class=\"flex items-center\"><\/volume-control>\n            <\/play-state>\n          <\/div>\n        <\/div>\n        <div class=\"flex w-full -mt-2\">\n          <div class=\"w-6\/12 text-center truncate\">\n            <play-state on=\"active\">\n              <current-chapter class=\"text-sm\"><\/current-chapter>\n            <\/play-state>\n          <\/div>\n        <\/div>\n      <\/div>\n    <\/div>\n    <divider class=\"w-full mt-6 mb-3\"><\/divider>\n    <div class=\"flex justify-between\">\n      <subscribe-button class=\"mt-1 mobile:hidden tablet:flex\"><\/subscribe-button>\n    <\/div>\n  <\/div>\n  <error><\/error>\n<\/root>\n<\/div>\n            <script>\n              document.addEventListener(\"DOMContentLoaded\", function() {\n                var player = document.getElementById(\"player-6a08655de09dc\");\n                podlovePlayerCache.add([null, {\"url\":\"https:\\\/\\\/www.radio-rum.de\\\/web\\\/wp-json\\\/podlove-web-player\\\/shortcode\\\/config\\\/stream\\\/theme\\\/default\",\"data\":{\"activeTab\":null,\"subscribe-button\":null,\"share\":{\"channels\":[],\"outlet\":null,\"sharePlaytime\":false},\"related-episodes\":{\"source\":\"disabled\",\"value\":null},\"version\":5,\"theme\":{\"tokens\":{\"brand\":\"#f59c27\",\"brandDark\":\"#f59c27\",\"brandDarkest\":\"#000000\",\"brandLightest\":\"#f4d6ad\",\"shadeDark\":\"#807E7C\",\"shadeBase\":\"#807E7C\",\"contrast\":\"#000\",\"alt\":\"#fff\"},\"fonts\":{\"ci\":{\"name\":\"ci\",\"family\":[\"-apple-system\",\"BlinkMacSystemFont\",\"Segoe UI\",\"Roboto\",\"Helvetica\",\"Arial\",\"sans-serif\",\"Apple Color Emoji\",\"Segoe UI Emoji\\\", \\\"Segoe UI Symbol\"],\"src\":[],\"weight\":800},\"regular\":{\"name\":\"regular\",\"family\":[\"-apple-system\",\"BlinkMacSystemFont\",\"Segoe UI\",\"Roboto\",\"Helvetica\",\"Arial\",\"sans-serif\",\"Apple Color Emoji\",\"Segoe UI Emoji\\\", \\\"Segoe UI Symbol\"],\"src\":[],\"weight\":300},\"bold\":{\"name\":\"bold\",\"family\":[\"-apple-system\",\"BlinkMacSystemFont\",\"Segoe UI\",\"Roboto\",\"Helvetica\",\"Arial\",\"sans-serif\",\"Apple Color Emoji\",\"Segoe UI Emoji\\\", \\\"Segoe UI Symbol\"],\"src\":[],\"weight\":700}}},\"base\":\"https:\\\/\\\/www.radio-rum.de\\\/web\\\/wp-content\\\/plugins\\\/podlove-web-player\\\/web-player\\\/\"}}]);\n                podlovePlayer(player, {\"title\":\"Radio Unerh\\u00f6rt Marburg\",\"subtitle\":\"Freies Radio in Marburg!\",\"summary\":null,\"duration\":null,\"poster\":\"https:\\\/\\\/www.radio-rum.de\\\/web\\\/wp-content\\\/uploads\\\/2023\\\/08\\\/rum-quadrat.jpg\",\"chapters\":[],\"transcripts\":[],\"audio\":[{\"url\":\"http:\\\/\\\/stream.radio-rum.de:8000\\\/rum.mp3\",\"mimeType\":\"audio\\\/mpeg\",\"title\":\"AUDIO\\\/MPEG\",\"size\":0}],\"playlist\":null,\"show\":{\"title\":\"Livestream\"}}, \"https:\/\/www.radio-rum.de\/web\/wp-json\/podlove-web-player\/shortcode\/config\/stream\/theme\/default\").then(function() {\n                  player && player.classList.remove(\"podlove-web-player-loading\");\n                });\n              });\n            <\/script>\n            <style>\n              .podlove-web-player.podlove-web-player-loading {\n                opacity: 0;\n              }\n            <\/style>\n        \n<p>&nbsp;<\/p>\n<p style=\"text-align: center;\"><a href=\"http:\/\/stream.radio-rum.de:8000\/rum.mp3\" target=\"_blank\" rel=\"noopener\">Geht der Player nicht? Direkt zum Livestream<\/a><\/p>\n<p>&nbsp;<\/td>\n<\/tr>\n<tr>\n<td width=\"600\">&nbsp;<\/p>\n<p>&nbsp;<\/p>\n<h3 style=\"text-align: center;\"><strong>Heute l\u00e4uft bei uns im Radio<\/strong><\/h3>\n<div class=\"r34ics-ajax-container loading\" id=\"r6a08655de11b8ab\" data-args=\"{&quot;ajax&quot;:&quot;1&quot;,&quot;arrayonly&quot;:null,&quot;attach&quot;:&quot;false&quot;,&quot;basicauth&quot;:&quot;0&quot;,&quot;color&quot;:&quot;#f07c00|#e39e73&quot;,&quot;columnlabels&quot;:&quot;full&quot;,&quot;combinemultiday&quot;:null,&quot;compact&quot;:false,&quot;count&quot;:0,&quot;curlopts&quot;:&quot;&quot;,&quot;currentweek&quot;:false,&quot;customoptions&quot;:[&quot;&quot;],&quot;debug&quot;:&quot;0&quot;,&quot;description&quot;:true,&quot;eventdesc&quot;:&quot;1&quot;,&quot;eventdl&quot;:&quot;0&quot;,&quot;eventlocaltime&quot;:null,&quot;extendmultiday&quot;:null,&quot;feedlabel&quot;:&quot;Livesendung|Wiederholung&quot;,&quot;feedlabelindesc&quot;:false,&quot;fixredundantuids&quot;:null,&quot;format&quot;:&quot;&quot;,&quot;formatmonthyear&quot;:&quot;F Y&quot;,&quot;fulldateintable&quot;:null,&quot;guid&quot;:&quot;r6a08655de11b8ab&quot;,&quot;hidealldayindicator&quot;:null,&quot;hidecancelledevents&quot;:null,&quot;hideprivateevents&quot;:&quot;0&quot;,&quot;hiderecurrence&quot;:&quot;1&quot;,&quot;hidetentativeevents&quot;:null,&quot;hidetimes&quot;:&quot;0&quot;,&quot;htmltagdate&quot;:&quot;h4&quot;,&quot;htmltageventdesc&quot;:&quot;div&quot;,&quot;htmltageventtitle&quot;:&quot;span&quot;,&quot;htmltagmonth&quot;:&quot;h3&quot;,&quot;htmltagtime&quot;:&quot;span&quot;,&quot;htmltagtitle&quot;:&quot;h2&quot;,&quot;legacyparser&quot;:null,&quot;legendinline&quot;:false,&quot;legendposition&quot;:null,&quot;legendstyle&quot;:&quot;none&quot;,&quot;limitdays&quot;:455,&quot;limitdayscustom&quot;:false,&quot;linebreakfix&quot;:null,&quot;linktitles&quot;:&quot;0&quot;,&quot;location&quot;:&quot;true&quot;,&quot;mapsource&quot;:&quot;google&quot;,&quot;maskinfo&quot;:false,&quot;method&quot;:&quot;0&quot;,&quot;monthnav&quot;:null,&quot;nolink&quot;:&quot;1&quot;,&quot;nomobile&quot;:null,&quot;nomonthheaders&quot;:null,&quot;nostyle&quot;:null,&quot;organizer&quot;:&quot;0&quot;,&quot;pagination&quot;:null,&quot;paginationposition&quot;:null,&quot;pastdays&quot;:&quot;&quot;,&quot;reload&quot;:&quot;0&quot;,&quot;resources&quot;:&quot;0&quot;,&quot;reverse&quot;:false,&quot;sametab&quot;:&quot;0&quot;,&quot;showendtimes&quot;:&quot;1&quot;,&quot;skip&quot;:0,&quot;skipdomainerrors&quot;:&quot;0&quot;,&quot;skiprecurrence&quot;:&quot;0&quot;,&quot;solidcolors&quot;:null,&quot;startdate&quot;:&quot;&quot;,&quot;stickymonths&quot;:true,&quot;tablebg&quot;:&quot;#f4d6ad&quot;,&quot;timeformat&quot;:&quot;G:i&quot;,&quot;title&quot;:true,&quot;toggle&quot;:&quot;0&quot;,&quot;tz&quot;:&quot;Africa\\\/Tripoli|Africa\\\/Tripoli&quot;,&quot;url&quot;:&quot;r34ics-url-69db3de1eade44.87470913|r34ics-url-69db3de1efa4f1.71229964&quot;,&quot;view&quot;:&quot;full&quot;,&quot;weeknumbers&quot;:&quot;0&quot;,&quot;whitetext&quot;:null,&quot;booked_day_bg_color&quot;:&quot;&quot;,&quot;calendar_illustrations&quot;:false,&quot;combined_availability&quot;:false,&quot;empty_day_bg_color&quot;:&quot;transparent&quot;,&quot;empty_day_description&quot;:&quot;&quot;,&quot;empty_day_title&quot;:&quot;&quot;,&quot;eventdesc_length&quot;:&quot;&quot;,&quot;fc_business_days&quot;:&quot;0,1,2,3,4,5,6&quot;,&quot;fc_height&quot;:&quot;&quot;,&quot;fc_hide_alldayslot&quot;:false,&quot;fc_tab_default&quot;:&quot;timeGridDay&quot;,&quot;fc_tab_mobile_default_list&quot;:&quot;0&quot;,&quot;fc_tabs&quot;:&quot;timeGridDay&quot;,&quot;fc_timegrid_all_hours&quot;:false,&quot;fill_empty_days&quot;:false,&quot;filters&quot;:false,&quot;grid_show_empty&quot;:false,&quot;hideweekends&quot;:&quot;0&quot;,&quot;hours&quot;:&quot;0500-2359&quot;,&quot;id&quot;:&quot;205351&quot;,&quot;month_list_all&quot;:false,&quot;month_table_list_toggle&quot;:false,&quot;no_angled_backgrounds&quot;:false,&quot;regex_pattern&quot;:null,&quot;regex_replacement&quot;:null,&quot;regex_scope&quot;:null,&quot;regex&quot;:&quot;0&quot;,&quot;showfilter&quot;:&quot;0&quot;,&quot;subscribelink&quot;:&quot;0&quot;,&quot;tzinlegend&quot;:false,&quot;upnext_future_label&quot;:&quot;&quot;,&quot;upnext_now_label&quot;:&quot;&quot;,&quot;upnext_show_future&quot;:false,&quot;upnext_show_date&quot;:false,&quot;use_client_tz&quot;:false,&quot;zoom&quot;:0.59999999999999997779553950749686919152736663818359375,&quot;guid_static&quot;:&quot;&quot;,&quot;startdate_static&quot;:&quot;&quot;,&quot;color_array&quot;:[&quot;#f07c00&quot;,&quot;#e39e73&quot;],&quot;feedlabel_array&quot;:[&quot;Livesendung&quot;,&quot;Wiederholung&quot;],&quot;url_array&quot;:[&quot;https:\\\/\\\/radio-rum.de\\\/webcalendar\\\/publish.php\\\/Livesendung.ics&quot;,&quot;https:\\\/\\\/radio-rum.de\\\/webcalendar\\\/publish.php\\\/Wiederholung.ics&quot;]}\">&nbsp;<\/div><\/td>\n<\/tr>\n<tr>\n<td width=\"600\">\n<p style=\"text-align: center;\"><a href=\"https:\/\/www.radio-rum.de\/\" target=\"_blank\" rel=\"noopener\">Webseite von Radio Unerh\u00f6rt Marburg<\/a> &#8211; <a href=\"https:\/\/www.radio-rum.de\/web\/datenschutzerklaerung\/\" target=\"_blank\" rel=\"noopener privacy-policy\">Datenschutzerkl\u00e4rung<\/a> &#8211; <a href=\"https:\/\/www.radio-rum.de\/web\/impressum\/\" target=\"_blank\" rel=\"noopener\">Impressum<\/a><\/p>\n<\/td>\n<\/tr>\n<\/tbody>\n<\/table>\n","protected":false},"excerpt":{"rendered":"<p>Radio Unerh\u00f6rt Marburg &nbsp; Geht der Player nicht? Direkt zum Livestream &nbsp; &nbsp; &nbsp; Heute l\u00e4uft bei uns im Radio Webseite von Radio Unerh\u00f6rt Marburg &#8211; Datenschutzerkl\u00e4rung &#8211; Impressum<\/p>\n","protected":false},"author":1,"featured_media":0,"parent":0,"menu_order":0,"comment_status":"closed","ping_status":"closed","template":"blank-slate-template.php","meta":{"footnotes":""},"class_list":["post-205341","page","type-page","status-publish","hentry","nodate","item-wrap"],"publishpress_future_action":{"enabled":false,"date":"2026-05-23 14:38:53","action":"change-status","newStatus":"draft","terms":[],"taxonomy":"","extraData":[]},"publishpress_future_workflow_manual_trigger":{"enabledWorkflows":[]},"_links":{"self":[{"href":"https:\/\/www.radio-rum.de\/web\/wp-json\/wp\/v2\/pages\/205341","targetHints":{"allow":["GET"]}}],"collection":[{"href":"https:\/\/www.radio-rum.de\/web\/wp-json\/wp\/v2\/pages"}],"about":[{"href":"https:\/\/www.radio-rum.de\/web\/wp-json\/wp\/v2\/types\/page"}],"author":[{"embeddable":true,"href":"https:\/\/www.radio-rum.de\/web\/wp-json\/wp\/v2\/users\/1"}],"replies":[{"embeddable":true,"href":"https:\/\/www.radio-rum.de\/web\/wp-json\/wp\/v2\/comments?post=205341"}],"version-history":[{"count":42,"href":"https:\/\/www.radio-rum.de\/web\/wp-json\/wp\/v2\/pages\/205341\/revisions"}],"predecessor-version":[{"id":211331,"href":"https:\/\/www.radio-rum.de\/web\/wp-json\/wp\/v2\/pages\/205341\/revisions\/211331"}],"wp:attachment":[{"href":"https:\/\/www.radio-rum.de\/web\/wp-json\/wp\/v2\/media?parent=205341"}],"curies":[{"name":"wp","href":"https:\/\/api.w.org\/{rel}","templated":true}]}}