{"id":263831,"date":"2026-08-30T07:31:13","date_gmt":"2026-08-30T05:31:13","guid":{"rendered":"https:\/\/www.radio-rum.de\/web\/?post_type=programmhinweis&#038;p=263831"},"modified":"2026-08-10T07:35:00","modified_gmt":"2026-08-10T05:35:00","slug":"langsamfahrt-august-2026","status":"publish","type":"programmhinweis","link":"https:\/\/www.radio-rum.de\/web\/programmhinweis\/langsamfahrt-august-2026\/","title":{"rendered":"Langsamfahrt \u2013 August 2026"},"content":{"rendered":"<ul>\n<li><strong>Sonntag, 06. August 2026 &#8211; 18 Uhr<\/strong><\/li>\n<li><strong>Donnerstag, 10. September 2026 &#8211; 15 Uhr<\/strong><\/li>\n<\/ul>\n<p>&nbsp;<\/p>\n<p><img loading=\"lazy\" decoding=\"async\" class=\"alignright size-medium wp-image-252221\" src=\"https:\/\/www.radio-rum.de\/web\/wp-content\/uploads\/2025\/12\/langsamfahrt-2025-wagen-2048x2048-2-300x300.jpg\" alt=\"\" width=\"300\" height=\"300\" srcset=\"https:\/\/www.radio-rum.de\/web\/wp-content\/uploads\/2025\/12\/langsamfahrt-2025-wagen-2048x2048-2-300x300.jpg 300w, https:\/\/www.radio-rum.de\/web\/wp-content\/uploads\/2025\/12\/langsamfahrt-2025-wagen-2048x2048-2-1024x1024.jpg 1024w, https:\/\/www.radio-rum.de\/web\/wp-content\/uploads\/2025\/12\/langsamfahrt-2025-wagen-2048x2048-2-150x150.jpg 150w, https:\/\/www.radio-rum.de\/web\/wp-content\/uploads\/2025\/12\/langsamfahrt-2025-wagen-2048x2048-2-768x768.jpg 768w, https:\/\/www.radio-rum.de\/web\/wp-content\/uploads\/2025\/12\/langsamfahrt-2025-wagen-2048x2048-2-1536x1536.jpg 1536w, https:\/\/www.radio-rum.de\/web\/wp-content\/uploads\/2025\/12\/langsamfahrt-2025-wagen-2048x2048-2-750x750.jpg 750w, https:\/\/www.radio-rum.de\/web\/wp-content\/uploads\/2025\/12\/langsamfahrt-2025-wagen-2048x2048-2.jpg 2048w\" sizes=\"auto, (max-width: 300px) 100vw, 300px\" \/><strong>Magazin mit Eisenbahnthemen<\/strong><\/p>\n<p>An einigen Stellen ist das Deutsche Schienennetz \u00fcberlastet. Insbesondere Knoten kommen schnell an ihre Kapazit\u00e4tsgrenze. Vor kurzem kam ein Vorschlag, einzelne Z\u00fcge gezielt ausfallen zu lassen um das Netz zu stabilisieren. Da kommt die Frage auf, bringt das \u00fcberhaupt etwas?<br \/>\nMittlerweile versucht ein weiterer privater Anbieter von Fernverkehrsz\u00fcge in Deutschland auf den Markt zu kommen, verdr\u00e4ngen diese zus\u00e4tzlichen Fernz\u00fcgen auf \u00fcberlasteten Strecken Nahverkehrsz\u00fcge?<\/p>\n<p>Gespr\u00e4chspartner: Dr. Matthias Stoffregen (mofair e.V.)<\/p>\n<p>Au\u00dferdem Vorstellung der Museumsbahn: Dampflokfreunde Berlin e.V.<br \/>\nGespr\u00e4chspartner: Holger Bajohra<\/p>\n<p>Podcast der Sendung: <a href=\"https:\/\/www.langsamfahrt.de\/\" target=\"_blank\" rel=\"noopener\">https:\/\/www.langsamfahrt.de\/<\/a><\/p>\n","protected":false},"featured_media":0,"template":"","class_list":["post-263831","programmhinweis","type-programmhinweis","status-publish","hentry","nodate","item-wrap"],"publishpress_future_action":{"enabled":true,"date":"2026-09-10 07:31:16","action":"change-status","newStatus":"draft","terms":[0],"taxonomy":"","extraData":[]},"publishpress_future_workflow_manual_trigger":{"enabledWorkflows":[]},"_links":{"self":[{"href":"https:\/\/www.radio-rum.de\/web\/wp-json\/wp\/v2\/programmhinweis\/263831","targetHints":{"allow":["GET"]}}],"collection":[{"href":"https:\/\/www.radio-rum.de\/web\/wp-json\/wp\/v2\/programmhinweis"}],"about":[{"href":"https:\/\/www.radio-rum.de\/web\/wp-json\/wp\/v2\/types\/programmhinweis"}],"wp:attachment":[{"href":"https:\/\/www.radio-rum.de\/web\/wp-json\/wp\/v2\/media?parent=263831"}],"curies":[{"name":"wp","href":"https:\/\/api.w.org\/{rel}","templated":true}]}}

<ul>
<li><strong>Sonntag, 06. August 2026 &#8211; 18 Uhr</strong></li>
<li><strong>Donnerstag, 10. September 2026 &#8211; 15 Uhr</strong></li>
</ul>
<p>&nbsp;</p>
<p><img loading="lazy" decoding="async" class="alignright size-medium wp-image-252221" src="https://www.radio-rum.de/web/wp-content/uploads/2025/12/langsamfahrt-2025-wagen-2048x2048-2-300x300.jpg" alt="" width="300" height="300" srcset="https://www.radio-rum.de/web/wp-content/uploads/2025/12/langsamfahrt-2025-wagen-2048x2048-2-300x300.jpg 300w, https://www.radio-rum.de/web/wp-content/uploads/2025/12/langsamfahrt-2025-wagen-2048x2048-2-1024x1024.jpg 1024w, https://www.radio-rum.de/web/wp-content/uploads/2025/12/langsamfahrt-2025-wagen-2048x2048-2-150x150.jpg 150w, https://www.radio-rum.de/web/wp-content/uploads/2025/12/langsamfahrt-2025-wagen-2048x2048-2-768x768.jpg 768w, https://www.radio-rum.de/web/wp-content/uploads/2025/12/langsamfahrt-2025-wagen-2048x2048-2-1536x1536.jpg 1536w, https://www.radio-rum.de/web/wp-content/uploads/2025/12/langsamfahrt-2025-wagen-2048x2048-2-750x750.jpg 750w, https://www.radio-rum.de/web/wp-content/uploads/2025/12/langsamfahrt-2025-wagen-2048x2048-2.jpg 2048w" sizes="auto, (max-width: 300px) 100vw, 300px" /><strong>Magazin mit Eisenbahnthemen</strong></p>
<p>An einigen Stellen ist das Deutsche Schienennetz überlastet. Insbesondere Knoten kommen schnell an ihre Kapazitätsgrenze. Vor kurzem kam ein Vorschlag, einzelne Züge gezielt ausfallen zu lassen um das Netz zu stabilisieren. Da kommt die Frage auf, bringt das überhaupt etwas?<br />
Mittlerweile versucht ein weiterer privater Anbieter von Fernverkehrszüge in Deutschland auf den Markt zu kommen, verdrängen diese zusätzlichen Fernzügen auf überlasteten Strecken Nahverkehrszüge?</p>
<p>Gesprächspartner: Dr. Matthias Stoffregen (mofair e.V.)</p>
<p>Außerdem Vorstellung der Museumsbahn: Dampflokfreunde Berlin e.V.<br />
Gesprächspartner: Holger Bajohra</p>
<p>Podcast der Sendung: <a href="https://www.langsamfahrt.de/" target="_blank" rel="noopener">https://www.langsamfahrt.de/</a></p>
